nder when q is divided by 5?
3
Suppose -6*s + 73 = -47. What is the remainder when s is divided by 16?
4
Let g(z) = 65*z**2 + 20*z - 19. What is the remainder when g(1) is divided by 17?
15
Let o(b) = 34*b - 25. Calculate the remainder when o(5) is divided by 39.
28
Suppose 3*x + 3*a - 18 = 57, 3*a - 55 = -2*x. What is the remainder when 158 is divided by x?
18
Let b be (2/(-3))/(12/(-1512)). Suppose 0 = -6*n + 7*n + b. What is the remainder when (-8292)/n + (-4)/(-14) is divided by 25?
24
Let c be -1 + 2 + 1 - -20. Suppose 0 = 31*n - 28*n - 27. Let a = c - n. What is the remainder when a is divided by 8?
5
Let m(z) = -10 - 5*z + 4*z + 4*z - z. Let t be m(8). Calculate the remainder when 17 is divided by ((-40)/t)/((-4)/6).
7
Suppose 4*x + 35 = 9*x. Suppose 82 = w + y, x = -y + 11. What is the remainder when w is divided by 16?
14
Let z(m) = 2*m + 17. Let h be z(-10). What is the remainder when 21 + h/3 - 3 is divided by 10?
7
Let c be (-3)/((-12)/498*1/2). Suppose 2*u = 261 - c. Suppose -5*x = -3*x - b - 22, 2*x + 4*b = 12. What is the remainder when x is divided by u?
4
Suppose 5*x = 3*x + 134. What is the remainder when x is divided by (-56)/(-6)*9/6?
11
Let p be 4/(-56)*4 + (-102)/(-14). Let j = 30 + p. What is the remainder when j is divided by 15?
7
Let o = 465 + -426. Let z be -1 + 2/((-6)/(-75)). Let u = -10 + z. Calculate the remainder when o is divided by u.
11
Calculate the remainder when 27 is divided by (1 - (-4)/(-12))*36/8.
0
Let t(f) = f**2 - 10*f + 6. Let d be t(11). Let u = 41 - d. Let y = 29 + -16. What is the remainder when u is divided by y?
11
Let p = 1583 - 1525. What is the remainder when 114 is divided by p?
56
Suppose 0 = 37*c - 918 + 215. Let o = 53 + -77. Let r = o + 97. Calculate the remainder when r is divided by c.
16
Let r be (-1)/6 + 11133/54. Let y = r + -87. Suppose m = 5*g + y, -20 = 2*g + 3*g. Calculate the remainder when m is divided by 25.
24
Suppose -266 + 198 = -4*h. Calculate the remainder when 181 is divided by h.
11
Let w be (20/80)/(1/16). Suppose 5*a = -2*b + 237, w*a - 212 = -5*b + 9*b. Calculate the remainder when a is divided by 5.
4
Let y(z) = 2*z**2 - 9*z + 19. Suppose -6*a + 11*a = 35. Calculate the remainder when y(7) is divided by a.
5
Let k be 3/4 + (-51)/(-12). Suppose -44 = -k*t + 3*t. What is the remainder when t is divided by 12?
10
Let m(n) = 49*n + 399. Calculate the remainder when m(-8) is divided by 6.
1
Let h = -51 + 32. Calculate the remainder when 54 is divided by (-1 + 4 + -4)*h.
16
Suppose 102 = 5*m + 2*l, m - 4*l - 29 = 9. What is the remainder when (-64)/((-2 + 1)/1) is divided by m?
20
Suppose -2*d - 106 = -4*l, 2*l = -7*d + 4*d + 73. Let v = l - 19. Calculate the remainder when 18 is divided by v.
8
Suppose 4*b = 5*o + 244 - 944, -b - 3*o - 192 = 0. Let i be -14 + 48/(-6) + 16. Calculate the remainder when 69 is divided by (b/25)/(i/15).
15
Let y = 72 - 43. Let s = -19 - -24. Let j = y - s. What is the remainder when j is divided by 10?
4
Let x be (14/21)/((-3)/9). Let f(c) = -c**3 - 9*c**2 - c + 4. What is the remainder when -1 - (-103)/(-1 - x) is divided by f(-9)?
11
Suppose 0*b - 3*b + 54 = 0. Suppose 12*f + 125 = 1193. Calculate the remainder when f is divided by b.
17
Suppose r + 4 = 0, 3*p + 0*r + 4*r + 16 = 0. Suppose k - 56 - 29 = p. What is the remainder when k is divided by 15?
10
Let u be 44/(-10)*(-85)/34. Suppose j - u = 6. What is the remainder when 66 is divided by j?
15
Let x = -13 - -27. Let h(k) = 17*k + 17 + 218*k**3 + 10*k**2 - 7*k - 217*k**3. Calculate the remainder when x is divided by h(-9).
6
Let v = 51 + 125. Let f = 9588 + -9573. Calculate the remainder when v is divided by f.
11
Let o(h) be the first derivative of h**4/4 + 4*h**3/3 - 6*h**2 + 16*h - 8. Calculate the remainder when 58 is divided by o(-6).
10
Let o = -138 + 702. Calculate the remainder when o is divided by 21.
18
Suppose -f = -1 - 1. Calculate the remainder when -57*((-12)/4 + f) is divided by 6.
3
Let c = -833 + 1315. What is the remainder when c is divided by 23?
22
Suppose 0 = -3*a + 4*p - 7, -9 + 2 = -a - p. Suppose c - 37 = 2*l, -8*c + a*c + 167 = -l. Calculate the remainder when c is divided by 2/2*(7 + 2).
6
Let w = 18 - 5. Suppose -2*f + 7*f = 95. Calculate the remainder when (54/5)/(w/65) is divided by f.
16
Let z be (-1)/(-4) + (-45)/(-12). Suppose 3*y + 0 = 2*v - 7, y + z*v - 21 = 0. Calculate the remainder when 3 is divided by y.
0
Suppose q + 2 = t, 0 = 3*q + 5*t - 9 - 17. Let n(g) = g**q + 2*g**2 + 4*g**2 - 9 - 3*g + g**3 + 0. Calculate the remainder when n(-6) is divided by 8.
5
Suppose -z + 252 = l + 17, 245 = l - 4*z. What is the remainder when l is divided by 19?
9
Suppose 4*z = -2*q + 30, 0 = -4*z + 6*q - 11*q + 33. What is the remainder when 1168 is divided by z?
6
Let h(v) = -23*v - 270. What is the remainder when 165 is divided by h(-12)?
3
Suppose 4*s = 5*b - 6, -5*b + 2*s = 3*s - 11. Let p = 18 + -15. Suppose -4*q = 4*f - 16, 2*f = p*f + b*q - 6. What is the remainder when 6 is divided by f?
0
Suppose 4*g - 9*a = -6*a + 7, -3*g + 2*a = -6. Calculate the remainder when 11 is divided by g.
3
Suppose -6*s + 3*s + 63 = 0. Let b(z) = 5*z - 57. Let j be b(19). Let y = 46 - j. What is the remainder when s is divided by y?
5
Let v be (-61)/(-3) + 2/3. Let b be 111/v + 2/(-7). Suppose -b*f = 10, 2*r + 0*f = -f + 90. What is the remainder when r is divided by 16?
14
Suppose -1972 + 443 = -11*g. What is the remainder when g is divided by 38?
25
Suppose -4096 = 13*b - 12923. Calculate the remainder when b is divided by 24.
7
Suppose -2*b = -b + 59. Let s = b + 85. What is the remainder when s is divided by 4?
2
Let w(a) = 3*a**2 + 39*a - 34. What is the remainder when 39 is divided by w(-14)?
7
Let p(v) = v**2 - 9*v - 58. Suppose -14*z = -4*z - 140. What is the remainder when p(z) is divided by 5?
2
Suppose -23*q + 719 = -2271. What is the remainder when q is divided by 54?
22
Suppose 54 = 176*z - 179*z. Suppose 3*x = 3*t - 3, 0*x = -2*x - 6. What is the remainder when (-24)/z*(-57)/t is divided by 10?
8
Let k be -13*2*4/8. Let p = -4 - k. Calculate the remainder when 22 is divided by p.
4
Let f = 84 + -65. What is the remainder when (-2)/18 + 1298/18 is divided by f?
15
Let t(s) = -3*s**2 + 32*s - 62. Let h(z) be the first derivative of 4*z**2 + 4*z + 1. What is the remainder when h(3) is divided by t(7)?
13
Let f(d) = -3*d + 10. Let t(j) = 4*j - 15. Let h(p) = -7*f(p) - 5*t(p). Calculate the remainder when h(8) is divided by 3.
1
Let n = 195 - 145. Suppose -2*m - 52 = -4*m. What is the remainder when n is divided by m?
24
What is the remainder when -4 + (-130)/(-35) - 8889/(-21) is divided by 5?
3
Suppose -5*s + 8*s + 69 = 0. Let k = 48 + s. Calculate the remainder when k is divided by 8 - (0 - (-3)/(-3)).
7
Let r = -111 - -172. Calculate the remainder when r is divided by 16.
13
Suppose 0 = 3*h - z - 92, -5*h + 4*h - 5*z = -36. What is the remainder when 117 is divided by h?
24
Let b(w) = -w**2 - 12*w - 26. Calculate the remainder when ((-642)/9)/(2/(-3)) is divided by b(-7).
8
Let g = 9 - 7. Let d be 14/3 + g/6. Suppose -28 = 4*a - d*a. Calculate the remainder when a is divided by 10.
8
Suppose 4 = 2*j - 6*j. Let r = 1 + j. Suppose r = -2*k - 0*k + 14. What is the remainder when 20 is divided by k?
6
Suppose 48228 = 39*s + 6771. What is the remainder when s is divided by 11?
7
Let j(f) = 29*f + 6. Let c(u) = u + 1. Let h(k) = -3*c(k) + j(k). What is the remainder when h(1) is divided by (15/(-2))/((-3)/4)?
9
Let c(y) = y**3 + 49*y**2 + 93*y - 12. Calculate the remainder when c(-47) is divided by 10.
5
What is the remainder when 42 is divided by (-18)/(-10)*(2 + 28/6)?
6
Let s(a) = -a**3 + 26*a**2 - 28*a + 61. Let x be s(25). Let l = x + 67. What is the remainder when l is divided by 8?
5
Suppose -5*g - q + 175 = 0, 4*q + 110 = 3*g + 28. Calculate the remainder when 128 is divided by g.
26
What is the remainder when 55 is divided by (10/25)/(7/35) - -19?
13
Suppose 11*w + 468 = 50*w. Let q = -49 + 70. Calculate the remainder when q is divided by w.
9
Let d be (-1 + (-7)/(-6))*-4*-6. Calculate the remainder when 126 is divided by -5*(d/(-4) + (-38)/5).
40
Let j = 53 - 46. Let l = 12 + -9. What is the remainder when j is divided by l - (6/(-2) + 2)?
3
What is the